ors of 106998221.
11, 17, 572183
What are the prime factors of 2750816035?
5, 11, 2339, 21383
What are the prime factors of 74410859?
19, 41, 59, 1619
List the prime factors of 68452279.
7, 9778897
List the prime factors of 614138499.
3, 13, 211, 24877
List the prime factors of 137975917.
191, 461, 1567
What are the prime factors of 3578881949?
23, 311, 500333
What are the prime factors of 75712603?
75712603
List the prime factors of 4395081668.
2, 31, 35444207
List the prime factors of 302945851.
13, 1792579
List the prime factors of 350042019.
3, 17, 157, 43717
List the prime factors of 4039330395.
3, 5, 29, 2161, 4297
What are the prime factors of 647336043?
3, 7991803
What are the prime factors of 6197375584?
2, 347, 558121
What are the prime factors of 129063849?
3, 43021283
What are the prime factors of 136300334?
2, 227, 300221
List the prime factors of 421750862.
2, 13, 23, 705269
List the prime factors of 1815186678.
2, 3, 302531113
What are the prime factors of 866847338?
2, 7, 41, 443, 487
What are the prime factors of 5872224?
2, 3, 61169
List the prime factors of 5236796.
2, 109, 12011
What are the prime factors of 235129644?
2, 3, 23, 199, 1427
What are the prime factors of 17311863?
3, 149, 38729
List the prime factors of 385368720.
2, 3, 5, 11, 61, 2393
What are the prime factors of 2344257876?
2, 3, 195354823
List the prime factors of 1011489645.
3, 5, 43, 131, 11971
List the prime factors of 24483593.
151, 162143
What are the prime factors of 1531739472?
2, 3, 31911239
List the prime factors of 379602143.
23, 113, 146057
List the prime factors of 220893519.
3, 7, 11, 136607
List the prime factors of 21985164.
2, 3, 610699
What are the prime factors of 418174118?
2, 6691, 31249
What are the prime factors of 218779835?
5, 79, 553873
List the prime factors of 3913682922.
2, 3, 53, 4102393
What are the prime factors of 419869021?
11, 13, 53, 55399
What are the prime factors of 41517904?
2, 2594869
What are the prime factors of 257034739?
13, 59, 335117
List the prime factors of 174351292.
2, 71, 97, 6329
List the prime factors of 2785378276.
2, 696344569
What are the prime factors of 2325439390?
2, 5, 232543939
List the prime factors of 6534374495.
5, 11, 269, 40151
What are the prime factors of 541696966?
2, 23, 3011, 3911
List the prime factors of 70873385.
5, 11, 1288607
What are the prime factors of 60866006?
2, 19, 131, 12227
What are the prime factors of 85512047?
401, 213247
List the prime factors of 221384343.
3, 59, 919, 1361
List the prime factors of 56203731.
3, 6244859
What are the prime factors of 269463528?
2, 3, 227, 16487
What are the prime factors of 4021884909?
3, 7, 1697, 37619
What are the prime factors of 348458023?
348458023
List the prime factors of 707928498.
2, 3, 1456643
List the prime factors of 2372375417.
1103, 2150839
What are the prime factors of 413494630?
2, 5, 73, 566431
List the prime factors of 320252278.
2, 29, 5521591
What are the prime factors of 318137386?
2, 7, 2843, 7993
List the prime factors of 1551431448.
2, 3, 7, 347, 2957
What are the prime factors of 339902220?
2, 3, 5, 7, 115613
List the prime factors of 75314883.
3, 7, 71, 50513
List the prime factors of 915958659.
3, 7, 11, 677, 5857
List the prime factors of 203514863.
203514863
What are the prime factors of 45566065?
5, 263, 34651
List the prime factors of 1435379601.
3, 478459867
What are the prime factors of 12882098?
2, 71, 83, 1093
List the prime factors of 1391631546.
2, 3, 231938591
What are the prime factors of 2641860808?
2, 330232601
What are the prime factors of 590829555?
3, 5, 39388637
List the prime factors of 3186153930.
2, 3, 5, 109, 974359
What are the prime factors of 1202518380?
2, 3, 5, 7, 2863139
List the prime factors of 148169287.
7, 317, 9539
What are the prime factors of 192735883?
23, 8379821
List the prime factors of 7014928799.
163, 809, 53197
List the prime factors of 5410492.
2, 31, 43633
What are the prime factors of 714384097?
7, 19, 1123, 4783
List the prime factors of 1124454982.
2, 7, 80318213
What are the prime factors of 313378009?
7, 797, 56171
What are the prime factors of 27349999?
27349999
What are the prime factors of 4224169399?
31, 136263529
What are the prime factors of 43964783?
29, 1516027
What are the prime factors of 64964107?
13, 384403
List the prime factors of 544825183.
7, 2311, 33679
What are the prime factors of 1510332468?
2, 3, 1237, 101747
What are the prime factors of 355398580?
2, 5, 17769929
List the prime factors of 56304093.
3, 331, 56701
List the prime factors of 2996742733.
4021, 745273
List the prime factors of 54984951.
3, 7, 419, 2083
List the prime factors of 8496277.
17, 499781
List the prime factors of 4300421428.
2, 1471, 730867
What are the prime factors of 2938730907?
3, 7, 23, 233, 26113
What are the prime factors of 2381778775?
5, 1307, 72893
What are the prime factors of 605775377?
5861, 103357
What are the prime factors of 122295005?
5, 7, 41, 85223
What are the prime factors of 302764416?
2, 3, 788449
What are the prime factors of 696280693?
696280693
What are the prime factors of 1602206058?
2, 3, 43, 6210101
What are the prime factors of 1373525726?
2, 8311, 82633
What are the prime factors of 9705607?
9705607
List the prime factors of 3130270158.
2, 3, 229, 2278217
What are the prime factors of 332258428?
2, 137, 606311
List the prime factors of 1126507632.
2, 3, 23468909
What are the prime factors of 54731596?
2, 3343, 4093
List the prime factors of 502831389.
3, 17, 579967
What are the prime factors of 300070287?
3, 11, 19, 67, 2381
What are the prime factors of 589975239?
3, 7, 79, 101, 503
List the prime factors of 145658062.
2, 11, 71, 93251
What are the prime factors of 60187248?
2, 3, 11, 37997
List the prime factors of 148804614.
2, 3, 7, 131221
What are the prime factors of 469725450?
2, 3, 5, 3131503
What are the prime factors of 347853295?
5, 823, 84533
What are the prime factors of 1304417810?
2, 5, 1567, 83243
What are the prime factors of 3518524599?
3, 103, 11386811
What are the prime factors of 10826766?
2, 3, 601487
What are the prime factors of 355303854?
2, 3, 6579701
List the prime factors of 225402134.
2, 107, 149, 7069
What are the prime factors of 177620355?
3, 5, 11, 358829
What are the prime factors of 1714689033?
3, 167, 293, 11681
List the prime factors of 791349001.
3331, 237571
List the prime factors of 568318569.
3, 7, 13, 23, 90511
List the prime factors of 58901803.
503, 117101
List the prime factors of 2997380187.
3, 111014081
What are the prime factors of 4371394588?
2, 11, 9031807
What are the prime factors of 95188513?
7, 23, 591233
List the prime factors of 17623735.
5, 19, 29, 6397
What are the prime factors of 2200950021?
3, 9511, 77137
What are the prime factors of 65085050?
2, 5, 1301701
List the prime factors of 194709579.
3, 47, 467, 2957
List the prime factors of 28662097.
28662097
What are the prime factors of 2359809543?
3, 7, 13, 8643991
List the prime factors of 1214128611.
3, 53, 2545343
What are the prime factors of 69717553?
69717553
What are the prime factors of 343049585?
5, 2621, 26177
List the prime factors of 134977036.
2, 37, 912007
List the prime factors of 318750134.
2, 373, 427279
What are the prime factors of 52205367?
3, 17401789
List the prime factors of 59419558.
2, 11, 37, 72997
What are the prime factors of 5517637773?
3, 1839212591
What are the prime factors of 3942397526?
2, 17027, 115769
What are the prime factors of 78343764?
2, 3, 19, 43, 61, 131
What are the prime factors of 256070150?
2, 5, 7, 17, 43037
List the prime factors of 157262252.
2, 7, 101, 55609
What are the prime factors of 18598212?
2, 3, 516617
List the prime factors of 111102435.
3, 5, 397, 691
What are the prime factors of 936015595?
5, 187203119
List the prime factors of 4200236.
2, 821, 1279
List the prime factors of 442845798.
2, 3, 73807633
What are the prime factors of 105281541?
3, 11697949
What are the prime factors of 85302271?
179, 229, 2081
What are the prime factors of 19199145?
3, 5, 7, 83, 2203
List the prime factors of 7329464171.
7329464171
List the prime factors of 520979760.
2, 3, 5, 7, 14767
What are the prime factors of 2719838831?
1297, 2097023
What are the prime factors of 4277224407?
